) a composite number?
False
Let m = 6 - 1. Suppose 0 = -k - c - 3*c + 1, 5*c - 80 = -m*k. Let o = k + -12. Is o a prime number?
False
Let r = -1814 - -2611. Is r a composite number?
False
Let j(w) = -w**3 + 4*w**2 + 1. Let c be j(4). Let u = 4 - c. Let a(g) = g**2 + 3*g + 1. Is a(u) prime?
True
Is 289*(-1 - -3 - 1) composite?
True
Let z(o) be the third derivative of 0*o**4 + 0 + 1/120*o**6 + 0*o + 23/6*o**3 + 3*o**2 + 1/60*o**5. Is z(0) a composite number?
False
Is 374/8 - (-3)/(-4) a prime number?
False
Let z(q) = 2*q**3 + 6*q**2 + 8*q - 7. Is z(8) a composite number?
True
Is (6/(-4))/(6/(-4468)) composite?
False
Let k be (0/(-3))/3 + -44. Let u = k - -91. Is u prime?
True
Let s(z) = -z**2 + 8*z - 2. Let t be s(6). Is (t/(-3))/(6/(-207)) composite?
True
Let n = -54 + 26. Let o = 77 + n. Is o a composite number?
True
Let h = -13 - -18. Suppose 0 = h*g - 3*b - 407 + 65, -g + 2*b = -67. Is g composite?
True
Suppose -2*p - 4*v - 6 + 14 = 0, -p - 5*v = 2. Suppose y - 5 - p = 0. Is y a composite number?
False
Let g be ((-7)/7)/((-1)/5). Suppose 2*p - g*f - 86 = -0*p, -2*p + 114 = 2*f. Is p prime?
True
Let y be (2 - 3)/(-2)*554. Suppose -3*m + 136 = k, 252 = 4*k - 3*m - y. Let u = -54 + k. Is u composite?
False
Let q = 334 - 207. Is q prime?
True
Let n = 2281 - 1142. Is n a prime number?
False
Let p(m) = -m**3 + 7*m**2 + 2*m - 2. Let g be p(7). Let x = g + 11. Is x a prime number?
True
Is 1/(4 - 3) - -1542 prime?
True
Suppose k - 9*m - 71 = -7*m, -2*k = 5*m - 142. Is k prime?
True
Suppose 0 = 5*x - q - 470, -x = -3*q - 69 - 25. Is x a composite number?
True
Let i = 97 - -188. Let l = -204 + i. Suppose 5 + l = h. Is h prime?
False
Let w be (-5481)/18*(-4)/6. Suppose 5*p + 10 = 0, 4*g + p = -4*p - 10. Suppose -m + 0*m - y = -62, -4*m + 5*y + w = g. Is m prime?
False
Let d(k) = 5*k - 14. Is d(12) prime?
False
Is (-69)/6*17*(-7 + 5) composite?
True
Let k be ((-3)/(-2))/(3/(-18)). Let i(h) = -16*h. Let j be i(-1). Let t = j + k. Is t a composite number?
False
Suppose -6*h - 435 = -9*h. Suppose -21 = g - 5*d - h, 304 = 2*g + 4*d. Suppose -2*c = -0*x - 2*x + g, c - 196 = -3*x. Is x composite?
False
Suppose 0 = 3*c - 5*s - 1356 - 884, 0 = 5*c - 4*s - 3729. Is c a composite number?
True
Suppose 0 = -0*l - 4*l + 4. Let x be ((l - 2)*17)/(-1). Suppose 2*v + 4*u - x = 9, 3*v + 3*u = 39. Is v composite?
False
Is (2/(-10))/(3/84570*-2) a composite number?
False
Let m(v) = -7 + 2*v + 4*v + v + 6*v**2. Suppose -20 = -5*g + 2*k, -k - k = 5*g - 40. Is m(g) a prime number?
True
Suppose 3514 = 5*l - u, -2*u - u = -2*l + 1403. Is l composite?
True
Let y = -273 + -362. Let d = 1732 + y. Is d prime?
True
Suppose 0 = o + 32 - 97. Is o composite?
True
Let l be 10*(-4)/(-8) + -2. Suppose 3*z - r - 192 - 163 = 0, -3*z = -l*r - 351. Is z a composite number?
True
Suppose n - 1786 = -3*n + 5*m, 1337 = 3*n - 5*m. Is n prime?
True
Suppose -2*j = i - 168 - 578, 2*j - 746 = 3*i. Is j prime?
True
Suppose 0*u + 12 = 4*u. Suppose -2*q = 3*g - 50, 0 = -u*q - 3*g + 6 + 66. Is q prime?
False
Is (-2)/1*(-2215)/10 composite?
False
Let f be 3/((-6)/4) + 0. Let s = f + 4. Let z = 8 - s. Is z a composite number?
True
Suppose -m + 7 = -2*m + 2*z, -5*m = 2*z - 25. Let n be ((-3)/(-2) + -1)*0. Suppose n = m*u - u + 3*i - 54, 5*u - 101 = i. Is u composite?
True
Let t = -1 - -6. Let r(l) = -l**3 + 5*l**2 + 6*l + 1. Let v(z) = z**2 + z. Let f(j) = -r(j) + 3*v(j). Is f(t) a prime number?
True
Is 80 + (2 + -6 - -3) prime?
True
Suppose s + 4*t - 266 = -47, t + 893 = 4*s. Let q = 56 - 164. Let y = s + q. Is y prime?
False
Let s = -115 - -224. Is s a prime number?
True
Let v(x) = 21*x**2. Let s(z) = z**2 - 8*z + 6. Let h be s(7). Is v(h) prime?
False
Suppose -90 - 6 = -4*w - 2*l, -2*l - 88 = -4*w. Suppose 0*q + q - w = 0. Is q prime?
True
Suppose 4*w - 10 = 2, -3*u + 3*w + 870 = 0. Is u prime?
True
Let m be (0 - -2) + 5 + -154. Let w = -92 - m. Is w a prime number?
False
Suppose 0*u - 2*u = 4*v - 6, 6 = 2*u - 5*v. Suppose 0 = -5*w + 3*y + 19, -4*w + 0*w = -u*y - 14. Suppose w*n - 445 = -0*n. Is n prime?
True
Let h(z) = -z**2 + 3*z - 2. Let n be h(2). Suppose n = -5*u + u + 12. Suppose -u*l + 113 = 3*q - 208, 3*l - 4*q = 335. Is l a prime number?
True
Suppose -4*u - 15 = u. Is 66/(-10)*(u - 2) a prime number?
False
Let b be (-4)/((-4)/25) + -2. Let w = -14 + b. Suppose 3*o - w - 30 = 0. Is o a prime number?
True
Is 1 + (-3 - 0 - -681) a prime number?
False
Let p = -11 + 22. Suppose 5*l = 46 - p. Is 2 - 7/(l/(-24)) composite?
True
Let o = -3 + 7. Suppose 14 = q + q + m, 5*m = o*q - 14. Is 1/(2/7)*q a composite number?
True
Suppose m = 2*m + 2. Let g(k) = -34*k + 1. Is g(m) composite?
True
Let q(p) = 2*p**2 + 5*p - 2. Let g be q(-4). Suppose 8 = -2*x - 2. Is 526/g - 2/x prime?
True
Let s(n) = 3*n - 3. Let p be s(6). Suppose 21 = -4*x - p. Is 44/6*x/(-6) a prime number?
True
Let q(o) = 8*o**3 - o**2 + 3*o - 1. Is q(1) composite?
True
Suppose 173 = g + 3*u, 4*g - 4*u = -6*u + 652. Is g prime?
False
Is -3*(159/(-9) - 0) prime?
True
Suppose x - 4 = -g, 0 = -3*x - 4*g - g + 14. Suppose -6*a - 72 = -x*a. Is (-378)/(-8) + 6/a prime?
True
Let i(z) = -2 + 2*z + 4 + 0 - z. Suppose 2*n - 7 = n. Is i(n) prime?
False
Suppose 0 = -4*m + 3*f + 8, -2*m + 0*f = 5*f - 30. Suppose 0 = 4*i - 5*v - 85, -i - m*v = 4*i - 50. Is i a prime number?
False
Let l(k) = 4*k**3 - 2*k**2 - 3*k + 3. Let a be 12/3 + (0 - 2). Is l(a) prime?
False
Let o(q) = -2*q - 7. Let y be o(-6). Let m be 4/10 + (-2)/y. Suppose m = -2*r + 36 + 118. Is r composite?
True
Let b be 11848/18 + 14/(-63). Suppose -4*r = -4*k - 660, 0*k = -4*r + 3*k + b. Suppose -3*f + 252 = -3*h, -2*f + h + 0*h + r = 0. Is f a composite number?
False
Suppose -888 = -5*w - 163. Is w composite?
True
Let f(n) = -n**3 + 3*n**2 + n + 2. Let d be f(2). Suppose 3 - d = l. Let q = l + 9. Is q composite?
True
Suppose 0 = 2*q + 2*q. Let a(n) = -n + 223. Is a(q) prime?
True
Let z = -130 - -569. Is z a composite number?
False
Let f be (4 - 2)/((-4)/(-10)). Suppose -f*l = -0*l - 75. Is l prime?
False
Suppose -c - 212 = -5*c. Is c composite?
False
Let k = 228 - 63. Suppose -4*w - k = -9*w. Is w prime?
False
Let u(d) = 6*d**2 + 5*d - 3. Let a be u(-5). Let o = a - 1. Is o composite?
True
Suppose 3*l = -4*q + 414, 2*l + 3 + 1 = 0. Let i = 266 - q. Is i composite?
True
Suppose 2*o + 2*o - 140 = 0. Is o a prime number?
False
Let q be 1/(-3*3/(-2817)). Let n = q - 93. Suppose -4*p + n + 520 = 0. Is p composite?
True
Suppose -2*z + 247 = 5*c, -2*c = -0*c - 2*z - 110. Let f = 97 - c. Let a = -7 + f. Is a a composite number?
True
Suppose -2772 = -6*v + 3*v. Let w = -641 + v. Suppose -2*l = -w - 91. Is l a composite number?
True
Let a(d) = -d**3 - 4*d**2 - d + 4. Let i be a(-3). Let n = i - -62. Let l = n - 37. Is l a composite number?
False
Let t(w) = 9*w**2 + 2*w + 1. Let j be t(-1). Is 2 + j - (-2 + 3) prime?
False
Let s be 3 - 9/((-27)/384). Suppose -2*x + s = -x. Is x a composite number?
False
Suppose 2*t = -3*t - 4*j + 6, 2*j + 10 = 4*t. Suppose t*b - 285 = -3*b. Is b prime?
False
Suppose 2*s - s = 0, 0 = 5*u - 5*s - 2950. Suppose 0 = -2*h - 0*h + u. Is h prime?
False
Let c = -167 - -316. Is c a prime number?
True
Let o(t) = -2*t**2 - 52*t + 1. Is o(-24) composite?
False
Let h(g) = -g + 4. Let s be (-36)/(-15) - 2/5. Let u be h(s). Suppose -u*a + 2 = -y, -2*a - 2 - 4 = -3*y. Is a prime?
True
Let k(d) = d - 1. Let w be k(7). Suppose 0 = -5*x - 5, -z + 72 = w*x - x. Is z prime?
False
Let s be (-48)/(2/8 - 0). Let d = 271 + s. Is d a prime number?
True
Is 2*(-1 + 18)*9/6 composite?
True
Let q be (-38)/(-8) + 3/(-4). Suppose -p = r - 53, q*r + 6 - 183 = 3*p. Suppose -r = 4*a - 260. Is a a composite number?
False
Suppose 4*x = 3*q - 0*q + 16, -5*x + 23 = -3*q. Let g = -43 + x. Let j = g - -71. Is j prime?
False
Let h be 6/15 + 636/10. Let w be ((-2)/(-2))/(4/h). Suppose 2*l = -o - 5 + w, 3*o - 2*l = 65. Is o prime?
True
Let q(h) = 24*h - 15. Let g be q(10). Let v = -122 + g. Is v a prime number?
True
Let o = 2084 + -351. Is o composite?
False
Suppose 0 = 2*i + c - 1971, 0 = i + c - 272 - 713. Is i/18 + (-4)/(-18) prime?
False
Suppose 2*j - 4*h = 0, 2*j + 3 + 0 = 5*h. Suppose -1 + j = 5*u. Is 2*(373/2)/u prime?
True
Suppose -16 = -2*f - 0*f - 5*s, 0 = -s + 2. Suppose 4*i - j = -0*j + 3, 17 = -4*i 